[INFO] cloning repository https://github.com/mkeeter/tiny-planets
[INFO] running `Command { std: "git" "-c" "credential.helper=" "-c" "credential.helper=/workspace/cargo-home/bin/git-credential-null" "clone" "--bare" "https://github.com/mkeeter/tiny-planets" "/workspace/cache/git-repos/https%3A%2F%2Fgithub.com%2Fmkeeter%2Ftiny-planets", kill_on_drop: false }`
[INFO] [stderr] Cloning into bare repository '/workspace/cache/git-repos/https%3A%2F%2Fgithub.com%2Fmkeeter%2Ftiny-planets'...
[INFO] running `Command { std: "git" "rev-parse" "HEAD", kill_on_drop: false }`
[INFO] [stdout] ccaaf3e9b9261d3fbc6bf2e39e6b438c29f2377f
[INFO] checking mkeeter/tiny-planets against try#72f88fc4e9458f89516a0b8b0868f3718aec5b47 for pr-74989
[INFO] running `Command { std: "git" "clone" "/workspace/cache/git-repos/https%3A%2F%2Fgithub.com%2Fmkeeter%2Ftiny-planets" "/workspace/builds/worker-6/source", kill_on_drop: false }`
[INFO] [stderr] Cloning into '/workspace/builds/worker-6/source'...
[INFO] [stderr] done.
[INFO] validating manifest of git repo https://github.com/mkeeter/tiny-planets on toolchain 72f88fc4e9458f89516a0b8b0868f3718aec5b47
[INFO] running `Command { std: "/workspace/cargo-home/bin/cargo" "+72f88fc4e9458f89516a0b8b0868f3718aec5b47" "read-manifest" "--manifest-path" "Cargo.toml", kill_on_drop: false }`
[INFO] started tweaking git repo https://github.com/mkeeter/tiny-planets
[INFO] finished tweaking git repo https://github.com/mkeeter/tiny-planets
[INFO] tweaked toml for git repo https://github.com/mkeeter/tiny-planets written to /workspace/builds/worker-6/source/Cargo.toml
[INFO] crate git repo https://github.com/mkeeter/tiny-planets already has a lockfile, it will not be regenerated
[INFO] running `Command { std: "/workspace/cargo-home/bin/cargo" "+72f88fc4e9458f89516a0b8b0868f3718aec5b47" "fetch" "--locked" "--manifest-path" "Cargo.toml", kill_on_drop: false }`
[INFO] [stderr]  Downloading crates ...
[INFO] [stderr]   Downloaded gleam v0.4.23
[INFO] [stderr]   Downloaded noise v0.5.0
[INFO] running `Command { std: "docker" "create" "-v" "/var/lib/crater-agent-workspace/builds/worker-6/target:/opt/rustwide/target:rw,Z" "-v" "/var/lib/crater-agent-workspace/builds/worker-6/source:/opt/rustwide/workdir:ro,Z" "-v" "/var/lib/crater-agent-workspace/cargo-home:/opt/rustwide/cargo-home:ro,Z" "-v" "/var/lib/crater-agent-workspace/rustup-home:/opt/rustwide/rustup-home:ro,Z" "-e" "SOURCE_DIR=/opt/rustwide/workdir" "-e" "CARGO_TARGET_DIR=/opt/rustwide/target" "-e" "CARGO_HOME=/opt/rustwide/cargo-home" "-e" "RUSTUP_HOME=/opt/rustwide/rustup-home" "-w" "/opt/rustwide/workdir" "-m" "1610612736" "--user" "0:0" "--network" "none" "rustops/crates-build-env@sha256:d92eaeed33fa75130ca1ee6c8a01d1ffb62bac859dfdfb3450e3e5d1c0146529" "/opt/rustwide/cargo-home/bin/cargo" "+72f88fc4e9458f89516a0b8b0868f3718aec5b47" "metadata" "--no-deps" "--format-version=1", kill_on_drop: false }`
[INFO] [stdout] 5cdd6957ce5077963982d9c683028ebba52cc2c30bd5b5f5e5a902b58fd1f30a
[INFO] [stderr] WARNING: Your kernel does not support swap limit capabilities or the cgroup is not mounted. Memory limited without swap.
[INFO] running `Command { std: "docker" "start" "-a" "5cdd6957ce5077963982d9c683028ebba52cc2c30bd5b5f5e5a902b58fd1f30a", kill_on_drop: false }`
[INFO] running `Command { std: "docker" "inspect" "5cdd6957ce5077963982d9c683028ebba52cc2c30bd5b5f5e5a902b58fd1f30a", kill_on_drop: false }`
[INFO] running `Command { std: "docker" "rm" "-f" "5cdd6957ce5077963982d9c683028ebba52cc2c30bd5b5f5e5a902b58fd1f30a", kill_on_drop: false }`
[INFO] [stdout] 5cdd6957ce5077963982d9c683028ebba52cc2c30bd5b5f5e5a902b58fd1f30a
[INFO] running `Command { std: "docker" "create" "-v" "/var/lib/crater-agent-workspace/builds/worker-6/target:/opt/rustwide/target:rw,Z" "-v" "/var/lib/crater-agent-workspace/builds/worker-6/source:/opt/rustwide/workdir:ro,Z" "-v" "/var/lib/crater-agent-workspace/cargo-home:/opt/rustwide/cargo-home:ro,Z" "-v" "/var/lib/crater-agent-workspace/rustup-home:/opt/rustwide/rustup-home:ro,Z" "-e" "SOURCE_DIR=/opt/rustwide/workdir" "-e" "CARGO_TARGET_DIR=/opt/rustwide/target" "-e" "CARGO_INCREMENTAL=0" "-e" "RUST_BACKTRACE=full" "-e" "RUSTFLAGS=--cap-lints=forbid" "-e" "CARGO_HOME=/opt/rustwide/cargo-home" "-e" "RUSTUP_HOME=/opt/rustwide/rustup-home" "-w" "/opt/rustwide/workdir" "-m" "1610612736" "--user" "0:0" "--network" "none" "rustops/crates-build-env@sha256:d92eaeed33fa75130ca1ee6c8a01d1ffb62bac859dfdfb3450e3e5d1c0146529" "/opt/rustwide/cargo-home/bin/cargo" "+72f88fc4e9458f89516a0b8b0868f3718aec5b47" "check" "--frozen" "--all" "--all-targets" "--message-format=json", kill_on_drop: false }`
[INFO] [stdout] e9d21218e2466de4aa3b84c82f36dcdb135374412669d0ea8f24fb7f8db13acc
[INFO] [stderr] WARNING: Your kernel does not support swap limit capabilities or the cgroup is not mounted. Memory limited without swap.
[INFO] running `Command { std: "docker" "start" "-a" "e9d21218e2466de4aa3b84c82f36dcdb135374412669d0ea8f24fb7f8db13acc", kill_on_drop: false }`
[INFO] [stderr]     Checking lazy_static v1.0.0
[INFO] [stderr]    Compiling libloading v0.4.3
[INFO] [stderr]    Compiling siphasher v0.2.2
[INFO] [stderr]     Checking bitflags v1.0.1
[INFO] [stderr]     Checking token_store v0.1.2
[INFO] [stderr]    Compiling num-traits v0.2.1
[INFO] [stderr]    Compiling cc v1.0.5
[INFO] [stderr]     Checking byteorder v1.2.1
[INFO] [stderr]     Checking adler32 v1.0.2
[INFO] [stderr]     Checking bitflags v0.4.0
[INFO] [stderr]     Checking color_quant v1.0.0
[INFO] [stderr]     Checking scoped_threadpool v0.1.9
[INFO] [stderr]     Checking slab v0.1.3
[INFO] [stderr]    Compiling cgmath v0.16.0
[INFO] [stderr]     Checking bytes v0.3.0
[INFO] [stderr]    Compiling log v0.4.1
[INFO] [stderr]     Checking crossbeam-utils v0.2.2
[INFO] [stderr]     Checking net2 v0.2.32
[INFO] [stderr]     Checking inotify v0.3.0
[INFO] [stderr]     Checking filetime v0.1.15
[INFO] [stderr]     Checking malloc_buf v0.0.6
[INFO] [stderr]    Compiling ws2_32-sys v0.2.1
[INFO] [stderr]    Compiling x11-dl v2.17.3
[INFO] [stderr]     Checking nix v0.9.0
[INFO] [stderr]     Checking shared_library v0.1.8
[INFO] [stderr]     Checking nix v0.5.1
[INFO] [stderr]     Checking inflate v0.3.4
[INFO] [stderr]    Compiling phf_shared v0.7.21
[INFO] [stderr]     Checking gif v0.9.2
[INFO] [stderr]     Checking crossbeam-epoch v0.3.0
[INFO] [stderr]     Checking log v0.3.9
[INFO] [stderr]     Checking objc v0.2.2
[INFO] [stderr]     Checking deflate v0.7.17
[INFO] [stderr]     Checking osmesa-sys v0.1.2
[INFO] [stderr]    Compiling phf_generator v0.7.21
[INFO] [stderr]    Compiling phf v0.7.21
[INFO] [stderr]    Compiling gl_generator v0.8.0
[INFO] [stderr]    Compiling phf_codegen v0.7.21
[INFO] [stderr]     Checking miow v0.1.5
[INFO] [stderr]     Checking dlib v0.4.0
[INFO] [stderr]     Checking crossbeam-deque v0.2.0
[INFO] [stderr]     Checking wayland-sys v0.12.5
[INFO] [stderr]    Compiling target_build_utils v0.3.1
[INFO] [stderr]     Checking rayon-core v1.4.0
[INFO] [stderr]     Checking wayland-client v0.12.5
[INFO] [stderr]    Compiling num-traits v0.1.43
[INFO] [stderr]     Checking png v0.11.0
[INFO] [stderr]    Compiling serde_json v0.9.10
[INFO] [stderr]    Compiling backtrace-sys v0.1.16
[INFO] [stderr]     Checking rayon v1.0.0
[INFO] [stderr]    Compiling glutin v0.12.2
[INFO] [stderr]    Compiling glium v0.20.0
[INFO] [stderr]     Checking wayland-protocols v0.12.5
[INFO] [stderr]     Checking wayland-kbd v0.13.1
[INFO] [stderr]     Checking mio v0.5.1
[INFO] [stderr]     Checking ctrlc v3.1.0
[INFO] [stderr]     Checking notify v4.0.3
[INFO] [stderr]     Checking jpeg-decoder v0.1.14
[INFO] [stderr]     Checking image v0.18.0
[INFO] [stderr]     Checking wayland-window v0.13.2
[INFO] [stderr]     Checking winit v0.10.0
[INFO] [stderr]    Compiling libloading v0.3.4
[INFO] [stderr]     Checking noise v0.5.0
[INFO] [stderr]     Checking backtrace v0.3.5
[INFO] [stderr]     Checking tiny-planets-rs v0.1.0 (/opt/rustwide/workdir)
[INFO] [stdout] error[E0432]: unresolved import `winit::os::macos`
[INFO] [stdout]   --> src/main.rs:17:16
[INFO] [stdout]    |
[INFO] [stdout] 17 | use winit::os::macos::WindowExt;
[INFO] [stdout]    |                ^^^^^ could not find `macos` in `os`
[INFO] [stdout] 
[INFO] [stdout] 
[INFO] [stdout] warning: unused imports: `Array`, `Matrix4`, `Rad`, `SquareMatrix`, `Transform`, `Vector4`
[INFO] [stdout]  --> src/draw/draw.rs:9:20
[INFO] [stdout]   |
[INFO] [stdout] 9 | use self::cgmath::{Vector4, Matrix4, Rad, SquareMatrix, Transform, Array};
[INFO] [stdout]   |                    ^^^^^^^  ^^^^^^^  ^^^  ^^^^^^^^^^^^  ^^^^^^^^^  ^^^^^
[INFO] [stdout]   |
[INFO] [stdout]   = note: `#[warn(unused_imports)]` on by default
[INFO] [stdout] 
[INFO] [stdout] 
[INFO] [stdout] warning: unused import: `glium::uniforms::EmptyUniforms`
[INFO] [stdout]  --> src/draw/stars.rs:9:5
[INFO] [stdout]   |
[INFO] [stdout] 9 | use glium::uniforms::EmptyUniforms;
[INFO] [stdout]   |     ^^^^^^^^^^^^^^^^^^^^^^^^^^^^^^
[INFO] [stdout] 
[INFO] [stdout] 
[INFO] [stdout] warning: trait objects without an explicit `dyn` are deprecated
[INFO] [stdout]   --> src/draw/stars.rs:64:53
[INFO] [stdout]    |
[INFO] [stdout] 64 |     pub fn new<F>(facade : &F) -> Result<Stars, Box<Error>>
[INFO] [stdout]    |                                                     ^^^^^ help: use `dyn`: `dyn Error`
[INFO] [stdout]    |
[INFO] [stdout]    = note: `#[warn(bare_trait_objects)]` on by default
[INFO] [stdout] 
[INFO] [stdout] 
[INFO] [stdout] warning: trait objects without an explicit `dyn` are deprecated
[INFO] [stdout]   --> src/draw/planet.rs:23:65
[INFO] [stdout]    |
[INFO] [stdout] 23 |     pub fn new(display : &glium::Display) -> Result<Planet, Box<Error>> {
[INFO] [stdout]    |                                                                 ^^^^^ help: use `dyn`: `dyn Error`
[INFO] [stdout] 
[INFO] [stdout] 
[INFO] [stdout] warning: unused import: `draw::util::Interpolator`
[INFO] [stdout]  --> src/draw/terrain.rs:8:5
[INFO] [stdout]   |
[INFO] [stdout] 8 | use draw::util::Interpolator;
[INFO] [stdout]   |     ^^^^^^^^^^^^^^^^^^^^^^^^
[INFO] [stdout] 
[INFO] [stdout] 
[INFO] [stdout] warning: trait objects without an explicit `dyn` are deprecated
[INFO] [stdout]   --> src/draw/terrain.rs:74:55
[INFO] [stdout]    |
[INFO] [stdout] 74 |     pub fn new<F>(facade : &F) -> Result<Terrain, Box<Error>>
[INFO] [stdout]    |                                                       ^^^^^ help: use `dyn`: `dyn Error`
[INFO] [stdout] 
[INFO] [stdout] 
[INFO] [stdout] warning: unused import: `glium::uniforms::EmptyUniforms`
[INFO] [stdout]   --> src/draw/clouds.rs:10:5
[INFO] [stdout]    |
[INFO] [stdout] 10 | use glium::uniforms::EmptyUniforms;
[INFO] [stdout]    |     ^^^^^^^^^^^^^^^^^^^^^^^^^^^^^^
[INFO] [stdout] 
[INFO] [stdout] 
[INFO] [stdout] warning: unused imports: `ConvertBuffer`, `RgbImage`
[INFO] [stdout]   --> src/draw/clouds.rs:14:46
[INFO] [stdout]    |
[INFO] [stdout] 14 | use self::image::{GenericImage, ImageBuffer, ConvertBuffer, RgbImage};
[INFO] [stdout]    |                                              ^^^^^^^^^^^^^  ^^^^^^^^
[INFO] [stdout] 
[INFO] [stdout] 
[INFO] [stdout] warning: trait objects without an explicit `dyn` are deprecated
[INFO] [stdout]   --> src/draw/clouds.rs:98:54
[INFO] [stdout]    |
[INFO] [stdout] 98 |     pub fn new<F>(facade : &F) -> Result<Clouds, Box<Error>>
[INFO] [stdout]    |                                                      ^^^^^ help: use `dyn`: `dyn Error`
[INFO] [stdout] 
[INFO] [stdout] 
[INFO] [stdout] warning: trait objects without an explicit `dyn` are deprecated
[INFO] [stdout]   --> src/draw/atmosphere.rs:54:58
[INFO] [stdout]    |
[INFO] [stdout] 54 |     pub fn new<F>(facade : &F) -> Result<Atmosphere, Box<Error>>
[INFO] [stdout]    |                                                          ^^^^^ help: use `dyn`: `dyn Error`
[INFO] [stdout] 
[INFO] [stdout] 
[INFO] [stdout] warning: trait objects without an explicit `dyn` are deprecated
[INFO] [stdout]   --> src/draw/ocean.rs:80:53
[INFO] [stdout]    |
[INFO] [stdout] 80 |     pub fn new<F>(facade : &F) -> Result<Ocean, Box<Error>>
[INFO] [stdout]    |                                                     ^^^^^ help: use `dyn`: `dyn Error`
[INFO] [stdout] 
[INFO] [stdout] 
[INFO] [stdout] warning: unused imports: `Array`, `Matrix4`, `Rad`, `SquareMatrix`, `Transform`, `Vector4`
[INFO] [stdout]  --> src/draw/draw.rs:9:20
[INFO] [stdout]   |
[INFO] [stdout] 9 | use self::cgmath::{Vector4, Matrix4, Rad, SquareMatrix, Transform, Array};
[INFO] [stdout]   |                    ^^^^^^^  ^^^^^^^  ^^^  ^^^^^^^^^^^^  ^^^^^^^^^  ^^^^^
[INFO] [stdout]   |
[INFO] [stdout]   = note: `#[warn(unused_imports)]` on by default
[INFO] [stdout] 
[INFO] [stdout] 
[INFO] [stdout] warning: unused import: `glium::uniforms::EmptyUniforms`
[INFO] [stdout]  --> src/draw/stars.rs:9:5
[INFO] [stdout]   |
[INFO] [stdout] 9 | use glium::uniforms::EmptyUniforms;
[INFO] [stdout]   |     ^^^^^^^^^^^^^^^^^^^^^^^^^^^^^^
[INFO] [stdout] 
[INFO] [stdout] 
[INFO] [stdout] warning: trait objects without an explicit `dyn` are deprecated
[INFO] [stdout]   --> src/draw/stars.rs:64:53
[INFO] [stdout]    |
[INFO] [stdout] 64 |     pub fn new<F>(facade : &F) -> Result<Stars, Box<Error>>
[INFO] [stdout]    |                                                     ^^^^^ help: use `dyn`: `dyn Error`
[INFO] [stdout]    |
[INFO] [stdout]    = note: `#[warn(bare_trait_objects)]` on by default
[INFO] [stdout] 
[INFO] [stdout] 
[INFO] [stdout] warning: trait objects without an explicit `dyn` are deprecated
[INFO] [stdout]   --> src/draw/planet.rs:23:65
[INFO] [stdout]    |
[INFO] [stdout] 23 |     pub fn new(display : &glium::Display) -> Result<Planet, Box<Error>> {
[INFO] [stdout]    |                                                                 ^^^^^ help: use `dyn`: `dyn Error`
[INFO] [stdout] 
[INFO] [stdout] 
[INFO] [stdout] warning: unused import: `draw::util::Interpolator`
[INFO] [stdout]  --> src/draw/terrain.rs:8:5
[INFO] [stdout]   |
[INFO] [stdout] 8 | use draw::util::Interpolator;
[INFO] [stdout]   |     ^^^^^^^^^^^^^^^^^^^^^^^^
[INFO] [stdout] 
[INFO] [stdout] 
[INFO] [stdout] warning: trait objects without an explicit `dyn` are deprecated
[INFO] [stdout]   --> src/draw/terrain.rs:74:55
[INFO] [stdout]    |
[INFO] [stdout] 74 |     pub fn new<F>(facade : &F) -> Result<Terrain, Box<Error>>
[INFO] [stdout]    |                                                       ^^^^^ help: use `dyn`: `dyn Error`
[INFO] [stdout] 
[INFO] [stdout] 
[INFO] [stdout] warning: unused import: `glium::uniforms::EmptyUniforms`
[INFO] [stdout]   --> src/draw/clouds.rs:10:5
[INFO] [stdout]    |
[INFO] [stdout] 10 | use glium::uniforms::EmptyUniforms;
[INFO] [stdout]    |     ^^^^^^^^^^^^^^^^^^^^^^^^^^^^^^
[INFO] [stdout] 
[INFO] [stdout] 
[INFO] [stdout] warning: unused imports: `ConvertBuffer`, `RgbImage`
[INFO] [stdout]   --> src/draw/clouds.rs:14:46
[INFO] [stdout]    |
[INFO] [stdout] 14 | use self::image::{GenericImage, ImageBuffer, ConvertBuffer, RgbImage};
[INFO] [stdout]    |                                              ^^^^^^^^^^^^^  ^^^^^^^^
[INFO] [stdout] 
[INFO] [stdout] 
[INFO] [stdout] warning: trait objects without an explicit `dyn` are deprecated
[INFO] [stdout]   --> src/draw/clouds.rs:98:54
[INFO] [stdout]    |
[INFO] [stdout] 98 |     pub fn new<F>(facade : &F) -> Result<Clouds, Box<Error>>
[INFO] [stdout]    |                                                      ^^^^^ help: use `dyn`: `dyn Error`
[INFO] [stdout] 
[INFO] [stdout] 
[INFO] [stdout] warning: trait objects without an explicit `dyn` are deprecated
[INFO] [stdout]   --> src/draw/atmosphere.rs:54:58
[INFO] [stdout]    |
[INFO] [stdout] 54 |     pub fn new<F>(facade : &F) -> Result<Atmosphere, Box<Error>>
[INFO] [stdout]    |                                                          ^^^^^ help: use `dyn`: `dyn Error`
[INFO] [stdout] 
[INFO] [stdout] 
[INFO] [stdout] warning: trait objects without an explicit `dyn` are deprecated
[INFO] [stdout]   --> src/draw/ocean.rs:80:53
[INFO] [stdout]    |
[INFO] [stdout] 80 |     pub fn new<F>(facade : &F) -> Result<Ocean, Box<Error>>
[INFO] [stdout]    |                                                     ^^^^^ help: use `dyn`: `dyn Error`
[INFO] [stdout] 
[INFO] [stdout] 
[INFO] [stdout] warning: use of deprecated function `std::mem::uninitialized`: use `mem::MaybeUninit` instead
[INFO] [stdout]   --> src/draw/stars.rs:20:1
[INFO] [stdout]    |
[INFO] [stdout] 20 | implement_vertex!(Vertex, position);
[INFO] [stdout]    | ^^^^^^^^^^^^^^^^^^^^^^^^^^^^^^^^^^^^
[INFO] [stdout]    |
[INFO] [stdout]    = note: `#[warn(deprecated)]` on by default
[INFO] [stdout]    = note: this warning originates in a macro (in Nightly builds, run with -Z macro-backtrace for more info)
[INFO] [stdout] 
[INFO] [stdout] 
[INFO] [stdout] warning: use of deprecated function `std::mem::uninitialized`: use `mem::MaybeUninit` instead
[INFO] [stdout]   --> src/draw/terrain.rs:29:1
[INFO] [stdout]    |
[INFO] [stdout] 29 | implement_vertex!(Vertex, position, normal, color);
[INFO] [stdout]    | ^^^^^^^^^^^^^^^^^^^^^^^^^^^^^^^^^^^^^^^^^^^^^^^^^^^
[INFO] [stdout]    |
[INFO] [stdout]    = note: this warning originates in a macro (in Nightly builds, run with -Z macro-backtrace for more info)
[INFO] [stdout] 
[INFO] [stdout] 
[INFO] [stdout] warning: use of deprecated function `std::mem::uninitialized`: use `mem::MaybeUninit` instead
[INFO] [stdout]   --> src/draw/clouds.rs:29:1
[INFO] [stdout]    |
[INFO] [stdout] 29 | implement_vertex!(Vertex, position, offset, index);
[INFO] [stdout]    | ^^^^^^^^^^^^^^^^^^^^^^^^^^^^^^^^^^^^^^^^^^^^^^^^^^^
[INFO] [stdout]    |
[INFO] [stdout]    = note: this warning originates in a macro (in Nightly builds, run with -Z macro-backtrace for more info)
[INFO] [stdout] 
[INFO] [stdout] 
[INFO] [stdout] warning: use of deprecated function `std::mem::uninitialized`: use `mem::MaybeUninit` instead
[INFO] [stdout]   --> src/draw/atmosphere.rs:13:1
[INFO] [stdout]    |
[INFO] [stdout] 13 | implement_vertex!(Vertex, position);
[INFO] [stdout]    | ^^^^^^^^^^^^^^^^^^^^^^^^^^^^^^^^^^^^
[INFO] [stdout]    |
[INFO] [stdout]    = note: this warning originates in a macro (in Nightly builds, run with -Z macro-backtrace for more info)
[INFO] [stdout] 
[INFO] [stdout] 
[INFO] [stdout] warning: use of deprecated function `std::mem::uninitialized`: use `mem::MaybeUninit` instead
[INFO] [stdout]   --> src/draw/ocean.rs:24:1
[INFO] [stdout]    |
[INFO] [stdout] 24 | implement_vertex!(Vertex, position, shade);
[INFO] [stdout]    | ^^^^^^^^^^^^^^^^^^^^^^^^^^^^^^^^^^^^^^^^^^^
[INFO] [stdout]    |
[INFO] [stdout]    = note: this warning originates in a macro (in Nightly builds, run with -Z macro-backtrace for more info)
[INFO] [stdout] 
[INFO] [stdout] 
[INFO] [stdout] error[E0432]: unresolved import `winit::os::macos`
[INFO] [stdout]   --> src/main.rs:17:16
[INFO] [stdout]    |
[INFO] [stdout] 17 | use winit::os::macos::WindowExt;
[INFO] [stdout]    |                ^^^^^ could not find `macos` in `os`
[INFO] [stdout] 
[INFO] [stdout] 
[INFO] [stdout] warning: use of deprecated function `std::mem::uninitialized`: use `mem::MaybeUninit` instead
[INFO] [stdout]   --> src/draw/stars.rs:20:1
[INFO] [stdout]    |
[INFO] [stdout] 20 | implement_vertex!(Vertex, position);
[INFO] [stdout]    | ^^^^^^^^^^^^^^^^^^^^^^^^^^^^^^^^^^^^
[INFO] [stdout]    |
[INFO] [stdout]    = note: `#[warn(deprecated)]` on by default
[INFO] [stdout]    = note: this warning originates in a macro (in Nightly builds, run with -Z macro-backtrace for more info)
[INFO] [stdout] 
[INFO] [stdout] 
[INFO] [stdout] warning: use of deprecated function `std::mem::uninitialized`: use `mem::MaybeUninit` instead
[INFO] [stdout]   --> src/draw/terrain.rs:29:1
[INFO] [stdout]    |
[INFO] [stdout] 29 | implement_vertex!(Vertex, position, normal, color);
[INFO] [stdout]    | ^^^^^^^^^^^^^^^^^^^^^^^^^^^^^^^^^^^^^^^^^^^^^^^^^^^
[INFO] [stdout]    |
[INFO] [stdout]    = note: this warning originates in a macro (in Nightly builds, run with -Z macro-backtrace for more info)
[INFO] [stdout] 
[INFO] [stdout] 
[INFO] [stdout] warning: use of deprecated function `std::mem::uninitialized`: use `mem::MaybeUninit` instead
[INFO] [stdout]   --> src/draw/clouds.rs:29:1
[INFO] [stdout]    |
[INFO] [stdout] 29 | implement_vertex!(Vertex, position, offset, index);
[INFO] [stdout]    | ^^^^^^^^^^^^^^^^^^^^^^^^^^^^^^^^^^^^^^^^^^^^^^^^^^^
[INFO] [stdout]    |
[INFO] [stdout]    = note: this warning originates in a macro (in Nightly builds, run with -Z macro-backtrace for more info)
[INFO] [stdout] 
[INFO] [stdout] 
[INFO] [stdout] warning: use of deprecated function `std::mem::uninitialized`: use `mem::MaybeUninit` instead
[INFO] [stdout]   --> src/draw/atmosphere.rs:13:1
[INFO] [stdout]    |
[INFO] [stdout] 13 | implement_vertex!(Vertex, position);
[INFO] [stdout]    | ^^^^^^^^^^^^^^^^^^^^^^^^^^^^^^^^^^^^
[INFO] [stdout]    |
[INFO] [stdout]    = note: this warning originates in a macro (in Nightly builds, run with -Z macro-backtrace for more info)
[INFO] [stdout] 
[INFO] [stdout] 
[INFO] [stdout] warning: use of deprecated function `std::mem::uninitialized`: use `mem::MaybeUninit` instead
[INFO] [stdout]   --> src/draw/ocean.rs:24:1
[INFO] [stdout]    |
[INFO] [stdout] 24 | implement_vertex!(Vertex, position, shade);
[INFO] [stdout]    | ^^^^^^^^^^^^^^^^^^^^^^^^^^^^^^^^^^^^^^^^^^^
[INFO] [stdout]    |
[INFO] [stdout]    = note: this warning originates in a macro (in Nightly builds, run with -Z macro-backtrace for more info)
[INFO] [stdout] 
[INFO] [stdout] 
[INFO] [stdout] error[E0599]: no method named `get_nswindow` found for reference `&winit::Window` in the current scope
[INFO] [stdout]   --> src/main.rs:44:49
[INFO] [stdout]    |
[INFO] [stdout] 44 |     let nswindow = display.gl_window().window().get_nswindow()
[INFO] [stdout]    |                                                 ^^^^^^^^^^^^ method not found in `&winit::Window`
[INFO] [stdout] 
[INFO] [stdout] 
[INFO] [stdout] error: aborting due to 2 previous errors
[INFO] [stdout] 
[INFO] [stdout] 
[INFO] [stdout] Some errors have detailed explanations: E0432, E0599.
[INFO] [stdout] 
[INFO] [stdout] For more information about an error, try `rustc --explain E0432`.
[INFO] [stdout] 
[INFO] [stderr] error: could not compile `tiny-planets-rs`.
[INFO] [stderr] 
[INFO] [stderr] To learn more, run the command again with --verbose.
[INFO] [stderr] warning: build failed, waiting for other jobs to finish...
[INFO] [stdout] warning: unused import: `GenericImage`
[INFO] [stdout]   --> src/draw/stars.rs:13:19
[INFO] [stdout]    |
[INFO] [stdout] 13 | use self::image::{GenericImage, ImageBuffer, ConvertBuffer, RgbImage};
[INFO] [stdout]    |                   ^^^^^^^^^^^^
[INFO] [stdout] 
[INFO] [stdout] 
[INFO] [stdout] warning: unused import: `GenericImage`
[INFO] [stdout]   --> src/draw/clouds.rs:14:19
[INFO] [stdout]    |
[INFO] [stdout] 14 | use self::image::{GenericImage, ImageBuffer, ConvertBuffer, RgbImage};
[INFO] [stdout]    |                   ^^^^^^^^^^^^
[INFO] [stdout] 
[INFO] [stdout] 
[INFO] [stdout] warning: unused variable: `color`
[INFO] [stdout]    --> src/draw/terrain.rs:122:17
[INFO] [stdout]     |
[INFO] [stdout] 122 |             let color : Vector3<f64>;
[INFO] [stdout]     |                 ^^^^^ help: if this is intentional, prefix it with an underscore: `_color`
[INFO] [stdout]     |
[INFO] [stdout]     = note: `#[warn(unused_variables)]` on by default
[INFO] [stdout] 
[INFO] [stdout] 
[INFO] [stdout] warning: unused variable: `i`
[INFO] [stdout]    --> src/draw/clouds.rs:109:13
[INFO] [stdout]     |
[INFO] [stdout] 109 |         for i in 0..100 {
[INFO] [stdout]     |             ^ help: if this is intentional, prefix it with an underscore: `_i`
[INFO] [stdout] 
[INFO] [stdout] 
[INFO] [stdout] warning: unused variable: `j`
[INFO] [stdout]    --> src/draw/clouds.rs:117:17
[INFO] [stdout]     |
[INFO] [stdout] 117 |             for j in 0..25 {
[INFO] [stdout]     |                 ^ help: if this is intentional, prefix it with an underscore: `_j`
[INFO] [stdout] 
[INFO] [stdout] 
[INFO] [stdout] warning: unused variable: `indices`
[INFO] [stdout]    --> src/draw/clouds.rs:167:13
[INFO] [stdout]     |
[INFO] [stdout] 167 |         let indices = NoIndices(PrimitiveType::TrianglesList);
[INFO] [stdout]     |             ^^^^^^^ help: if this is intentional, prefix it with an underscore: `_indices`
[INFO] [stdout] 
[INFO] [stdout] 
[INFO] [stdout] warning: unused import: `GenericImage`
[INFO] [stdout]   --> src/draw/stars.rs:13:19
[INFO] [stdout]    |
[INFO] [stdout] 13 | use self::image::{GenericImage, ImageBuffer, ConvertBuffer, RgbImage};
[INFO] [stdout]    |                   ^^^^^^^^^^^^
[INFO] [stdout] 
[INFO] [stdout] 
[INFO] [stdout] warning: unused import: `GenericImage`
[INFO] [stdout]   --> src/draw/clouds.rs:14:19
[INFO] [stdout]    |
[INFO] [stdout] 14 | use self::image::{GenericImage, ImageBuffer, ConvertBuffer, RgbImage};
[INFO] [stdout]    |                   ^^^^^^^^^^^^
[INFO] [stdout] 
[INFO] [stdout] 
[INFO] [stdout] warning: unused variable: `color`
[INFO] [stdout]    --> src/draw/terrain.rs:122:17
[INFO] [stdout]     |
[INFO] [stdout] 122 |             let color : Vector3<f64>;
[INFO] [stdout]     |                 ^^^^^ help: if this is intentional, prefix it with an underscore: `_color`
[INFO] [stdout]     |
[INFO] [stdout]     = note: `#[warn(unused_variables)]` on by default
[INFO] [stdout] 
[INFO] [stdout] 
[INFO] [stdout] warning: unused variable: `i`
[INFO] [stdout]    --> src/draw/clouds.rs:109:13
[INFO] [stdout]     |
[INFO] [stdout] 109 |         for i in 0..100 {
[INFO] [stdout]     |             ^ help: if this is intentional, prefix it with an underscore: `_i`
[INFO] [stdout] 
[INFO] [stdout] 
[INFO] [stdout] warning: unused variable: `j`
[INFO] [stdout]    --> src/draw/clouds.rs:117:17
[INFO] [stdout]     |
[INFO] [stdout] 117 |             for j in 0..25 {
[INFO] [stdout]     |                 ^ help: if this is intentional, prefix it with an underscore: `_j`
[INFO] [stdout] 
[INFO] [stdout] 
[INFO] [stdout] warning: unused variable: `indices`
[INFO] [stdout]    --> src/draw/clouds.rs:167:13
[INFO] [stdout]     |
[INFO] [stdout] 167 |         let indices = NoIndices(PrimitiveType::TrianglesList);
[INFO] [stdout]     |             ^^^^^^^ help: if this is intentional, prefix it with an underscore: `_indices`
[INFO] [stdout] 
[INFO] [stdout] 
[INFO] [stdout] warning: struct is never constructed: `Interpolator`
[INFO] [stdout]  --> src/draw/util.rs:1:12
[INFO] [stdout]   |
[INFO] [stdout] 1 | pub struct Interpolator {
[INFO] [stdout]   |            ^^^^^^^^^^^^
[INFO] [stdout]   |
[INFO] [stdout]   = note: `#[warn(dead_code)]` on by default
[INFO] [stdout] 
[INFO] [stdout] 
[INFO] [stdout] warning: associated function is never used: `at`
[INFO] [stdout]  --> src/draw/util.rs:6:12
[INFO] [stdout]   |
[INFO] [stdout] 6 |     pub fn at(&self, input : f32) -> f32 {
[INFO] [stdout]   |            ^^
[INFO] [stdout] 
[INFO] [stdout] 
[INFO] [stdout] error[E0599]: no method named `get_nswindow` found for reference `&winit::Window` in the current scope
[INFO] [stdout]   --> src/main.rs:44:49
[INFO] [stdout]    |
[INFO] [stdout] 44 |     let nswindow = display.gl_window().window().get_nswindow()
[INFO] [stdout]    |                                                 ^^^^^^^^^^^^ method not found in `&winit::Window`
[INFO] [stdout] 
[INFO] [stdout] 
[INFO] [stdout] warning: struct is never constructed: `Interpolator`
[INFO] [stdout]  --> src/draw/util.rs:1:12
[INFO] [stdout]   |
[INFO] [stdout] 1 | pub struct Interpolator {
[INFO] [stdout]   |            ^^^^^^^^^^^^
[INFO] [stdout]   |
[INFO] [stdout]   = note: `#[warn(dead_code)]` on by default
[INFO] [stdout] 
[INFO] [stdout] 
[INFO] [stdout] warning: associated function is never used: `at`
[INFO] [stdout]  --> src/draw/util.rs:6:12
[INFO] [stdout]   |
[INFO] [stdout] 6 |     pub fn at(&self, input : f32) -> f32 {
[INFO] [stdout]   |            ^^
[INFO] [stdout] 
[INFO] [stdout] 
[INFO] [stdout] error: aborting due to 2 previous errors
[INFO] [stdout] 
[INFO] [stdout] 
[INFO] [stdout] Some errors have detailed explanations: E0432, E0599.
[INFO] [stdout] 
[INFO] [stdout] For more information about an error, try `rustc --explain E0432`.
[INFO] [stdout] 
[INFO] [stdout] warning: unused `std::result::Result` that must be used
[INFO] [stdout]    --> src/draw/stars.rs:100:9
[INFO] [stdout]     |
[INFO] [stdout] 100 |         frame.draw(&self.vbo, &indices, &self.program, &uniforms, params);
[INFO] [stdout]     |         ^^^^^^^^^^^^^^^^^^^^^^^^^^^^^^^^^^^^^^^^^^^^^^^^^^^^^^^^^^^^^^^^^^
[INFO] [stdout]     |
[INFO] [stdout]     = note: `#[warn(unused_must_use)]` on by default
[INFO] [stdout]     = note: this `Result` may be an `Err` variant, which should be handled
[INFO] [stdout] 
[INFO] [stdout] 
[INFO] [stdout] warning: unused `std::result::Result` that must be used
[INFO] [stdout]    --> src/draw/stars.rs:100:9
[INFO] [stdout]     |
[INFO] [stdout] 100 |         frame.draw(&self.vbo, &indices, &self.program, &uniforms, params);
[INFO] [stdout]     |         ^^^^^^^^^^^^^^^^^^^^^^^^^^^^^^^^^^^^^^^^^^^^^^^^^^^^^^^^^^^^^^^^^^
[INFO] [stdout]     |
[INFO] [stdout]     = note: `#[warn(unused_must_use)]` on by default
[INFO] [stdout]     = note: this `Result` may be an `Err` variant, which should be handled
[INFO] [stdout] 
[INFO] [stdout] 
[INFO] [stdout] warning: 25 warnings emitted
[INFO] [stdout] 
[INFO] [stdout] 
[INFO] [stdout] warning: 25 warnings emitted
[INFO] [stdout] 
[INFO] [stdout] 
[INFO] [stderr] error: build failed
[INFO] running `Command { std: "docker" "inspect" "e9d21218e2466de4aa3b84c82f36dcdb135374412669d0ea8f24fb7f8db13acc", kill_on_drop: false }`
[INFO] running `Command { std: "docker" "rm" "-f" "e9d21218e2466de4aa3b84c82f36dcdb135374412669d0ea8f24fb7f8db13acc", kill_on_drop: false }`
[INFO] [stdout] e9d21218e2466de4aa3b84c82f36dcdb135374412669d0ea8f24fb7f8db13acc
